{"id":8,"date":"2023-08-21T13:46:39","date_gmt":"2023-08-21T13:46:39","guid":{"rendered":"http:\/\/eden-the-garden.ch\/?page_id=8"},"modified":"2025-12-25T09:53:42","modified_gmt":"2025-12-25T09:53:42","slug":"eden","status":"publish","type":"page","link":"https:\/\/eden-the-garden.ch\/","title":{"rendered":"eden the garden"},"content":{"rendered":"<p>Mit G\u00e4rten versuchen die Menschen das Paradies nachzubauen als Ausdruck der ewigen Sehnsucht danach. Auch wir sind ihr erlegen und gestalten eine weitere Version davon:<\/p>\n<p><strong>eden the garden &#8211; academy<\/strong><br \/>Das Therapiehaus Triemli &#8211; Gemeinschaftspraxis und Sitz der Phytotherapie-Schule &#8222;<em>eden the garden academy<\/em>&#8220; &#8211;\u00a0 steht mitten in einem Heilpflanzengarten. Er wird f\u00fcr unsere F\u00fchrungen und Workshops im Rahmen der Phytotherapie-Kurse genutzt.<\/p>\n<p>Wer sich bereits f\u00fcr den <strong>Heilpflanzen-Jahreskurs 26<\/strong> interessiert, kann am 21. M\u00e4rz den Einf\u00fchrungs- und Schnupper-Nachmittag besuchen oder gleich beim Modul 1 am 25. April einsteigen: <a href=\"https:\/\/eden-the-garden.ch\/index.php\/jahreskurs-phytotherapie\/\">zum Programm<\/a>!<\/p>\n<p><strong>Warum Phytotherapie<\/strong><br \/>Phytotherapie oder Pflanzenheilkunde ist mitunter die \u00e4lteste Medizin der Menschen. In jedem Indikationsbereich kann Phytotherapie vorbeugen und heilen oder die Schulmedizin unterst\u00fctzend begleiten. Auf jeder unserer K\u00f6rperzellen sitzen Rezeptoren f\u00fcr pflanzliche Sekund\u00e4rstoffe, damit diese dort andocken und mit der Zelle interagieren, egal ob wir die Wildpflanzen zu Nahrungs- oder Heilzwecken zu uns nehmen. Unser K\u00f6rper ist mit den Pflanzen unserer Umgebung \u00fcber Jahrtausende ko-evolviert, also perfekt angepasst. Phytotherapie l\u00f6st nicht nur ein einziges, adressiertes Problem symptomatisch, sondern agiert urs\u00e4chlich als Breitband-Wirkstoffgemisch (multi target) und dies &#8211; bei korrekter Anwendung &#8211; nebenwirkungsfrei. Drum: <a href=\"https:\/\/eden-the-garden.ch\/index.php\/jahreskurs-phytotherapie\/\">lerne Phytotherapie<\/a>!<\/p>\n\n\n<p class=\"wp-block-paragraph\"><\/p>\n","protected":false},"excerpt":{"rendered":"<p>Mit G\u00e4rten versuchen die Menschen das Paradies nachzubauen als Ausdruck der ewigen Sehnsucht danach. Auch wir sind ihr erlegen und gestalten eine weitere Version davon: eden the garden &#8211; academyDas Therapiehaus Triemli &#8211; Gemeinschaftspraxis und Sitz der Phytotherapie-Schule &#8222;eden the garden academy&#8220; &#8211;\u00a0 steht mitten in einem Heilpflanzengarten. Er wird f\u00fcr unsere F\u00fchrungen und Workshops &hellip; <\/p>\n<p class=\"link-more\"><a href=\"https:\/\/eden-the-garden.ch\/\" class=\"more-link\"><span class=\"screen-reader-text\">\u201eeden the garden\u201c <\/span>weiterlesen<\/a><\/p>\n","protected":false},"author":1,"featured_media":0,"parent":0,"menu_order":0,"comment_status":"closed","ping_status":"closed","template":"","meta":{"footnotes":""},"class_list":["post-8","page","type-page","status-publish","hentry"],"yoast_head":"<!-- This site is optimized with the Yoast SEO plugin v27.6 - https:\/\/yoast.com\/product\/yoast-seo-wordpress\/ -->\n<title>eden the garden - eden the garden<\/title>\n<meta name=\"robots\" content=\"index, follow, max-snippet:-1, max-image-preview:large, max-video-preview:-1\" \/>\n<link rel=\"canonical\" href=\"https:\/\/eden-the-garden.ch\/\" \/>\n<meta property=\"og:locale\" content=\"de_DE\" \/>\n<meta property=\"og:type\" content=\"article\" \/>\n<meta property=\"og:title\" content=\"eden the garden - eden the garden\" \/>\n<meta property=\"og:description\" content=\"Mit G\u00e4rten versuchen die Menschen das Paradies nachzubauen als Ausdruck der ewigen Sehnsucht danach. Auch wir sind ihr erlegen und gestalten eine weitere Version davon: eden the garden &#8211; academyDas Therapiehaus Triemli &#8211; Gemeinschaftspraxis und Sitz der Phytotherapie-Schule &#8222;eden the garden academy&#8220; &#8211;\u00a0 steht mitten in einem Heilpflanzengarten. Er wird f\u00fcr unsere F\u00fchrungen und Workshops &hellip; \u201eeden the garden\u201c weiterlesen\" \/>\n<meta property=\"og:url\" content=\"https:\/\/eden-the-garden.ch\/\" \/>\n<meta property=\"og:site_name\" content=\"eden the garden\" \/>\n<meta property=\"article:modified_time\" content=\"2025-12-25T09:53:42+00:00\" \/>\n<meta name=\"twitter:card\" content=\"summary_large_image\" \/>\n<meta name=\"twitter:label1\" content=\"Gesch\u00e4tzte Lesezeit\" \/>\n\t<meta name=\"twitter:data1\" content=\"2\u00a0Minuten\" \/>\n<script type=\"application\/ld+json\" class=\"yoast-schema-graph\">{\"@context\":\"https:\\\/\\\/schema.org\",\"@graph\":[{\"@type\":\"WebPage\",\"@id\":\"https:\\\/\\\/eden-the-garden.ch\\\/\",\"url\":\"https:\\\/\\\/eden-the-garden.ch\\\/\",\"name\":\"eden the garden - eden the garden\",\"isPartOf\":{\"@id\":\"https:\\\/\\\/eden-the-garden.ch\\\/#website\"},\"datePublished\":\"2023-08-21T13:46:39+00:00\",\"dateModified\":\"2025-12-25T09:53:42+00:00\",\"breadcrumb\":{\"@id\":\"https:\\\/\\\/eden-the-garden.ch\\\/#breadcrumb\"},\"inLanguage\":\"de\",\"potentialAction\":[{\"@type\":\"ReadAction\",\"target\":[\"https:\\\/\\\/eden-the-garden.ch\\\/\"]}]},{\"@type\":\"BreadcrumbList\",\"@id\":\"https:\\\/\\\/eden-the-garden.ch\\\/#breadcrumb\",\"itemListElement\":[{\"@type\":\"ListItem\",\"position\":1,\"name\":\"Startseite\",\"item\":\"https:\\\/\\\/eden-the-garden.ch\\\/\"},{\"@type\":\"ListItem\",\"position\":2,\"name\":\"eden the garden\"}]},{\"@type\":\"WebSite\",\"@id\":\"https:\\\/\\\/eden-the-garden.ch\\\/#website\",\"url\":\"https:\\\/\\\/eden-the-garden.ch\\\/\",\"name\":\"eden the garden\",\"description\":\"Die Heilpflanzen-Akademie im Therapiehaus Triemli\",\"publisher\":{\"@id\":\"https:\\\/\\\/eden-the-garden.ch\\\/#organization\"},\"potentialAction\":[{\"@type\":\"SearchAction\",\"target\":{\"@type\":\"EntryPoint\",\"urlTemplate\":\"https:\\\/\\\/eden-the-garden.ch\\\/?s={search_term_string}\"},\"query-input\":{\"@type\":\"PropertyValueSpecification\",\"valueRequired\":true,\"valueName\":\"search_term_string\"}}],\"inLanguage\":\"de\"},{\"@type\":\"Organization\",\"@id\":\"https:\\\/\\\/eden-the-garden.ch\\\/#organization\",\"name\":\"eden the garden\",\"url\":\"https:\\\/\\\/eden-the-garden.ch\\\/\",\"logo\":{\"@type\":\"ImageObject\",\"inLanguage\":\"de\",\"@id\":\"https:\\\/\\\/eden-the-garden.ch\\\/#\\\/schema\\\/logo\\\/image\\\/\",\"url\":\"https:\\\/\\\/eden-the-garden.ch\\\/wp-content\\\/uploads\\\/2024\\\/02\\\/cropped-logo_white-2.png\",\"contentUrl\":\"https:\\\/\\\/eden-the-garden.ch\\\/wp-content\\\/uploads\\\/2024\\\/02\\\/cropped-logo_white-2.png\",\"width\":243,\"height\":250,\"caption\":\"eden the garden\"},\"image\":{\"@id\":\"https:\\\/\\\/eden-the-garden.ch\\\/#\\\/schema\\\/logo\\\/image\\\/\"}}]}<\/script>\n<!-- \/ Yoast SEO plugin. -->","yoast_head_json":{"title":"eden the garden - eden the garden","robots":{"index":"index","follow":"follow","max-snippet":"max-snippet:-1","max-image-preview":"max-image-preview:large","max-video-preview":"max-video-preview:-1"},"canonical":"https:\/\/eden-the-garden.ch\/","og_locale":"de_DE","og_type":"article","og_title":"eden the garden - eden the garden","og_description":"Mit G\u00e4rten versuchen die Menschen das Paradies nachzubauen als Ausdruck der ewigen Sehnsucht danach. Auch wir sind ihr erlegen und gestalten eine weitere Version davon: eden the garden &#8211; academyDas Therapiehaus Triemli &#8211; Gemeinschaftspraxis und Sitz der Phytotherapie-Schule &#8222;eden the garden academy&#8220; &#8211;\u00a0 steht mitten in einem Heilpflanzengarten. Er wird f\u00fcr unsere F\u00fchrungen und Workshops &hellip; \u201eeden the garden\u201c weiterlesen","og_url":"https:\/\/eden-the-garden.ch\/","og_site_name":"eden the garden","article_modified_time":"2025-12-25T09:53:42+00:00","twitter_card":"summary_large_image","twitter_misc":{"Gesch\u00e4tzte Lesezeit":"2\u00a0Minuten"},"schema":{"@context":"https:\/\/schema.org","@graph":[{"@type":"WebPage","@id":"https:\/\/eden-the-garden.ch\/","url":"https:\/\/eden-the-garden.ch\/","name":"eden the garden - eden the garden","isPartOf":{"@id":"https:\/\/eden-the-garden.ch\/#website"},"datePublished":"2023-08-21T13:46:39+00:00","dateModified":"2025-12-25T09:53:42+00:00","breadcrumb":{"@id":"https:\/\/eden-the-garden.ch\/#breadcrumb"},"inLanguage":"de","potentialAction":[{"@type":"ReadAction","target":["https:\/\/eden-the-garden.ch\/"]}]},{"@type":"BreadcrumbList","@id":"https:\/\/eden-the-garden.ch\/#breadcrumb","itemListElement":[{"@type":"ListItem","position":1,"name":"Startseite","item":"https:\/\/eden-the-garden.ch\/"},{"@type":"ListItem","position":2,"name":"eden the garden"}]},{"@type":"WebSite","@id":"https:\/\/eden-the-garden.ch\/#website","url":"https:\/\/eden-the-garden.ch\/","name":"eden the garden","description":"Die Heilpflanzen-Akademie im Therapiehaus Triemli","publisher":{"@id":"https:\/\/eden-the-garden.ch\/#organization"},"potentialAction":[{"@type":"SearchAction","target":{"@type":"EntryPoint","urlTemplate":"https:\/\/eden-the-garden.ch\/?s={search_term_string}"},"query-input":{"@type":"PropertyValueSpecification","valueRequired":true,"valueName":"search_term_string"}}],"inLanguage":"de"},{"@type":"Organization","@id":"https:\/\/eden-the-garden.ch\/#organization","name":"eden the garden","url":"https:\/\/eden-the-garden.ch\/","logo":{"@type":"ImageObject","inLanguage":"de","@id":"https:\/\/eden-the-garden.ch\/#\/schema\/logo\/image\/","url":"https:\/\/eden-the-garden.ch\/wp-content\/uploads\/2024\/02\/cropped-logo_white-2.png","contentUrl":"https:\/\/eden-the-garden.ch\/wp-content\/uploads\/2024\/02\/cropped-logo_white-2.png","width":243,"height":250,"caption":"eden the garden"},"image":{"@id":"https:\/\/eden-the-garden.ch\/#\/schema\/logo\/image\/"}}]}},"_links":{"self":[{"href":"https:\/\/eden-the-garden.ch\/index.php\/wp-json\/wp\/v2\/pages\/8","targetHints":{"allow":["GET"]}}],"collection":[{"href":"https:\/\/eden-the-garden.ch\/index.php\/wp-json\/wp\/v2\/pages"}],"about":[{"href":"https:\/\/eden-the-garden.ch\/index.php\/wp-json\/wp\/v2\/types\/page"}],"author":[{"embeddable":true,"href":"https:\/\/eden-the-garden.ch\/index.php\/wp-json\/wp\/v2\/users\/1"}],"replies":[{"embeddable":true,"href":"https:\/\/eden-the-garden.ch\/index.php\/wp-json\/wp\/v2\/comments?post=8"}],"version-history":[{"count":79,"href":"https:\/\/eden-the-garden.ch\/index.php\/wp-json\/wp\/v2\/pages\/8\/revisions"}],"predecessor-version":[{"id":1204,"href":"https:\/\/eden-the-garden.ch\/index.php\/wp-json\/wp\/v2\/pages\/8\/revisions\/1204"}],"wp:attachment":[{"href":"https:\/\/eden-the-garden.ch\/index.php\/wp-json\/wp\/v2\/media?parent=8"}],"curies":[{"name":"wp","href":"https:\/\/api.w.org\/{rel}","templated":true}]}}

<p>Mit Gärten versuchen die Menschen das Paradies nachzubauen als Ausdruck der ewigen Sehnsucht danach. Auch wir sind ihr erlegen und gestalten eine weitere Version davon:</p>
<p><strong>eden the garden &#8211; academy</strong><br />Das Therapiehaus Triemli &#8211; Gemeinschaftspraxis und Sitz der Phytotherapie-Schule &#8222;<em>eden the garden academy</em>&#8220; &#8211;  steht mitten in einem Heilpflanzengarten. Er wird für unsere Führungen und Workshops im Rahmen der Phytotherapie-Kurse genutzt.</p>
<p>Wer sich bereits für den <strong>Heilpflanzen-Jahreskurs 26</strong> interessiert, kann am 21. März den Einführungs- und Schnupper-Nachmittag besuchen oder gleich beim Modul 1 am 25. April einsteigen: <a href="https://eden-the-garden.ch/index.php/jahreskurs-phytotherapie/">zum Programm</a>!</p>
<p><strong>Warum Phytotherapie</strong><br />Phytotherapie oder Pflanzenheilkunde ist mitunter die älteste Medizin der Menschen. In jedem Indikationsbereich kann Phytotherapie vorbeugen und heilen oder die Schulmedizin unterstützend begleiten. Auf jeder unserer Körperzellen sitzen Rezeptoren für pflanzliche Sekundärstoffe, damit diese dort andocken und mit der Zelle interagieren, egal ob wir die Wildpflanzen zu Nahrungs- oder Heilzwecken zu uns nehmen. Unser Körper ist mit den Pflanzen unserer Umgebung über Jahrtausende ko-evolviert, also perfekt angepasst. Phytotherapie löst nicht nur ein einziges, adressiertes Problem symptomatisch, sondern agiert ursächlich als Breitband-Wirkstoffgemisch (multi target) und dies &#8211; bei korrekter Anwendung &#8211; nebenwirkungsfrei. Drum: <a href="https://eden-the-garden.ch/index.php/jahreskurs-phytotherapie/">lerne Phytotherapie</a>!</p>


<p class="wp-block-paragraph"></p>

<p>Mit Gärten versuchen die Menschen das Paradies nachzubauen als Ausdruck der ewigen Sehnsucht danach. Auch wir sind ihr erlegen und gestalten eine weitere Version davon: eden the garden &#8211; academyDas Therapiehaus Triemli &#8211; Gemeinschaftspraxis und Sitz der Phytotherapie-Schule &#8222;eden the garden academy&#8220; &#8211;  steht mitten in einem Heilpflanzengarten. Er wird für unsere Führungen und Workshops &hellip; </p>
<p class="link-more"><a href="https://eden-the-garden.ch/" class="more-link"><span class="screen-reader-text">„eden the garden“ </span>weiterlesen</a></p>

<!-- This site is optimized with the Yoast SEO plugin v27.6 - https://yoast.com/product/yoast-seo-wordpress/ -->
<title>eden the garden - eden the garden</title>
<meta name="robots" content="index, follow, max-snippet:-1, max-image-preview:large, max-video-preview:-1" />
<link rel="canonical" href="https://eden-the-garden.ch/" />
<meta property="og:locale" content="de_DE" />
<meta property="og:type" content="article" />
<meta property="og:title" content="eden the garden - eden the garden" />
<meta property="og:description" content="Mit Gärten versuchen die Menschen das Paradies nachzubauen als Ausdruck der ewigen Sehnsucht danach. Auch wir sind ihr erlegen und gestalten eine weitere Version davon: eden the garden &#8211; academyDas Therapiehaus Triemli &#8211; Gemeinschaftspraxis und Sitz der Phytotherapie-Schule &#8222;eden the garden academy&#8220; &#8211;  steht mitten in einem Heilpflanzengarten. Er wird für unsere Führungen und Workshops &hellip; „eden the garden“ weiterlesen" />
<meta property="og:url" content="https://eden-the-garden.ch/" />
<meta property="og:site_name" content="eden the garden" />
<meta property="article:modified_time" content="2025-12-25T09:53:42+00:00" />
<meta name="twitter:card" content="summary_large_image" />
<meta name="twitter:label1" content="Geschätzte Lesezeit" />
	<meta name="twitter:data1" content="2 Minuten" />
<script type="application/ld+json" class="yoast-schema-graph">{"@context":"https:\/\/schema.org","@graph":[{"@type":"WebPage","@id":"https:\/\/eden-the-garden.ch\/","url":"https:\/\/eden-the-garden.ch\/","name":"eden the garden - eden the garden","isPartOf":{"@id":"https:\/\/eden-the-garden.ch\/#website"},"datePublished":"2023-08-21T13:46:39+00:00","dateModified":"2025-12-25T09:53:42+00:00","breadcrumb":{"@id":"https:\/\/eden-the-garden.ch\/#breadcrumb"},"inLanguage":"de","potentialAction":[{"@type":"ReadAction","target":["https:\/\/eden-the-garden.ch\/"]}]},{"@type":"BreadcrumbList","@id":"https:\/\/eden-the-garden.ch\/#breadcrumb","itemListElement":[{"@type":"ListItem","position":1,"name":"Startseite","item":"https:\/\/eden-the-garden.ch\/"},{"@type":"ListItem","position":2,"name":"eden the garden"}]},{"@type":"WebSite","@id":"https:\/\/eden-the-garden.ch\/#website","url":"https:\/\/eden-the-garden.ch\/","name":"eden the garden","description":"Die Heilpflanzen-Akademie im Therapiehaus Triemli","publisher":{"@id":"https:\/\/eden-the-garden.ch\/#organization"},"potentialAction":[{"@type":"SearchAction","target":{"@type":"EntryPoint","urlTemplate":"https:\/\/eden-the-garden.ch\/?s={search_term_string}"},"query-input":{"@type":"PropertyValueSpecification","valueRequired":true,"valueName":"search_term_string"}}],"inLanguage":"de"},{"@type":"Organization","@id":"https:\/\/eden-the-garden.ch\/#organization","name":"eden the garden","url":"https:\/\/eden-the-garden.ch\/","logo":{"@type":"ImageObject","inLanguage":"de","@id":"https:\/\/eden-the-garden.ch\/#\/schema\/logo\/image\/","url":"https:\/\/eden-the-garden.ch\/wp-content\/uploads\/2024\/02\/cropped-logo_white-2.png","contentUrl":"https:\/\/eden-the-garden.ch\/wp-content\/uploads\/2024\/02\/cropped-logo_white-2.png","width":243,"height":250,"caption":"eden the garden"},"image":{"@id":"https:\/\/eden-the-garden.ch\/#\/schema\/logo\/image\/"}}]}</script>
<!-- / Yoast SEO plugin. -->

Mit Gärten versuchen die Menschen das Paradies nachzubauen als Ausdruck der ewigen Sehnsucht danach. Auch wir sind ihr erlegen und gestalten eine weitere Version davon: eden the garden &#8211; academyDas Therapiehaus Triemli &#8211; Gemeinschaftspraxis und Sitz der Phytotherapie-Schule &#8222;eden the garden academy&#8220; &#8211;  steht mitten in einem Heilpflanzengarten. Er wird für unsere Führungen und Workshops &hellip; „eden the garden“ weiterlesen
