{"id":654,"date":"2025-01-02T16:41:06","date_gmt":"2025-01-02T16:41:06","guid":{"rendered":"https:\/\/eden-the-garden.ch\/?page_id=654"},"modified":"2025-11-04T12:44:31","modified_gmt":"2025-11-04T12:44:31","slug":"vergangenes","status":"publish","type":"page","link":"https:\/\/eden-the-garden.ch\/index.php\/vergangenes\/","title":{"rendered":"vergangenes"},"content":{"rendered":"\n<p class=\"wp-block-paragraph\"><strong>2024<\/strong><br><strong>Rauhnacht<\/strong>\u00a0<strong>Zeremonie<\/strong>, 21. 12.24, 17-20: Tradition, Bedeutung Rauhn\u00e4chte.<br>Wirkung von R\u00e4ucherpflanzen, gemeinsames Ritual am Feuer.<br>Kosten: 60.-\/P. inkl. Set R\u00e4uchermischungen, Trunk und Imbiss<br><strong>R\u00e4ucherkurs\u00a0<\/strong>7. 11.24, 18-21: R\u00e4uchern, Kultur &amp; Rituale, R\u00e4ucherpflanzen, Wirkungen, Herstellung R\u00e4ucherwerk<br><strong>Heilpflanzen im September<\/strong>: 18.9.24, 16-18 Uhr (f\u00fcr \u201eZ\u00fcrich lernt\u201c)<br><strong>Sch\u00fcsslerkurs<\/strong>: 4.9.24, 9-12 Uhr: Pr\u00fcfungsvorbereitung, Repetitorium Sch\u00fcsslersalze<br><br><strong>2025<\/strong><br><strong>Jahreskurs Phytotherapie Modul 1-8<\/strong>, 09:30-17:30 Uhr. Medizinische Grundlagen, trad. Heilpflanzen, Botanik, Pflanzenexkursion, Zubereitungen , Anwendungen, Praxisblock: Sammeln und Herstellen von Pr\u00e4paraten aus einheimischen Heilpflanzen.<br>&#8211; M1: 01.03.25 &#8222;Einf\u00fchrung Phytotherapie&#8220;<br>&#8211; M2: 05.04.25 &#8222;Stoffwechsel&#8220;<br>&#8211; M3: 03.05.25 &#8222;Verdauung&#8220;<br>&#8211; M4: 07.06.25 &#8222;Herz-Kreislauf&#8220;<br>&#8211; M5: 05.07.25 &#8222;Fraueneilkunde, Krebs&#8220;<br>&#8211; M6: 06.09.25 &#8222;Immunsystem, Allergie&#8220;<br>&#8211; M7: 27.09.25 &#8222;Bewegungsapparat, Rheuma&#8220;<br>&#8211; M8: 01.11.25 &#8222;Nervensystem, Schlaf, Stress, Depression&#8220;<br><strong>Z\u00fcri lernt<\/strong>, 15.09.25 &#8222;Heilkr\u00e4uter und essbare Wildpflanzen&#8220;<br><strong>Naturreich<\/strong>, 06.05.25 &#8222;Heilkr\u00e4uter und essbare Wildpflanzen&#8220;<\/p>\n","protected":false},"excerpt":{"rendered":"<p>2024Rauhnacht\u00a0Zeremonie, 21. 12.24, 17-20: Tradition, Bedeutung Rauhn\u00e4chte.Wirkung von R\u00e4ucherpflanzen, gemeinsames Ritual am Feuer.Kosten: 60.-\/P. inkl. Set R\u00e4uchermischungen, Trunk und ImbissR\u00e4ucherkurs\u00a07. 11.24, 18-21: R\u00e4uchern, Kultur &amp; Rituale, R\u00e4ucherpflanzen, Wirkungen, Herstellung R\u00e4ucherwerkHeilpflanzen im September: 18.9.24, 16-18 Uhr (f\u00fcr \u201eZ\u00fcrich lernt\u201c)Sch\u00fcsslerkurs: 4.9.24, 9-12 Uhr: Pr\u00fcfungsvorbereitung, Repetitorium Sch\u00fcsslersalze 2025Jahreskurs Phytotherapie Modul 1-8, 09:30-17:30 Uhr. Medizinische Grundlagen, trad. Heilpflanzen, Botanik, &hellip; <\/p>\n<p class=\"link-more\"><a href=\"https:\/\/eden-the-garden.ch\/index.php\/vergangenes\/\" class=\"more-link\"><span class=\"screen-reader-text\">\u201evergangenes\u201c <\/span>weiterlesen<\/a><\/p>\n","protected":false},"author":1,"featured_media":0,"parent":0,"menu_order":0,"comment_status":"closed","ping_status":"closed","template":"","meta":{"footnotes":""},"class_list":["post-654","page","type-page","status-publish","hentry"],"yoast_head":"<!-- This site is optimized with the Yoast SEO plugin v27.6 - https:\/\/yoast.com\/product\/yoast-seo-wordpress\/ -->\n<title>vergangenes - eden the garden<\/title>\n<meta name=\"robots\" content=\"index, follow, max-snippet:-1, max-image-preview:large, max-video-preview:-1\" \/>\n<link rel=\"canonical\" href=\"https:\/\/eden-the-garden.ch\/index.php\/vergangenes\/\" \/>\n<meta property=\"og:locale\" content=\"de_DE\" \/>\n<meta property=\"og:type\" content=\"article\" \/>\n<meta property=\"og:title\" content=\"vergangenes - eden the garden\" \/>\n<meta property=\"og:description\" content=\"2024Rauhnacht\u00a0Zeremonie, 21. 12.24, 17-20: Tradition, Bedeutung Rauhn\u00e4chte.Wirkung von R\u00e4ucherpflanzen, gemeinsames Ritual am Feuer.Kosten: 60.-\/P. inkl. Set R\u00e4uchermischungen, Trunk und ImbissR\u00e4ucherkurs\u00a07. 11.24, 18-21: R\u00e4uchern, Kultur &amp; Rituale, R\u00e4ucherpflanzen, Wirkungen, Herstellung R\u00e4ucherwerkHeilpflanzen im September: 18.9.24, 16-18 Uhr (f\u00fcr \u201eZ\u00fcrich lernt\u201c)Sch\u00fcsslerkurs: 4.9.24, 9-12 Uhr: Pr\u00fcfungsvorbereitung, Repetitorium Sch\u00fcsslersalze 2025Jahreskurs Phytotherapie Modul 1-8, 09:30-17:30 Uhr. Medizinische Grundlagen, trad. Heilpflanzen, Botanik, &hellip; \u201evergangenes\u201c weiterlesen\" \/>\n<meta property=\"og:url\" content=\"https:\/\/eden-the-garden.ch\/index.php\/vergangenes\/\" \/>\n<meta property=\"og:site_name\" content=\"eden the garden\" \/>\n<meta property=\"article:modified_time\" content=\"2025-11-04T12:44:31+00:00\" \/>\n<meta name=\"twitter:card\" content=\"summary_large_image\" \/>\n<meta name=\"twitter:label1\" content=\"Gesch\u00e4tzte Lesezeit\" \/>\n\t<meta name=\"twitter:data1\" content=\"1\u00a0Minute\" \/>\n<script type=\"application\/ld+json\" class=\"yoast-schema-graph\">{\"@context\":\"https:\\\/\\\/schema.org\",\"@graph\":[{\"@type\":\"WebPage\",\"@id\":\"https:\\\/\\\/eden-the-garden.ch\\\/index.php\\\/vergangenes\\\/\",\"url\":\"https:\\\/\\\/eden-the-garden.ch\\\/index.php\\\/vergangenes\\\/\",\"name\":\"vergangenes - eden the garden\",\"isPartOf\":{\"@id\":\"https:\\\/\\\/eden-the-garden.ch\\\/#website\"},\"datePublished\":\"2025-01-02T16:41:06+00:00\",\"dateModified\":\"2025-11-04T12:44:31+00:00\",\"breadcrumb\":{\"@id\":\"https:\\\/\\\/eden-the-garden.ch\\\/index.php\\\/vergangenes\\\/#breadcrumb\"},\"inLanguage\":\"de\",\"potentialAction\":[{\"@type\":\"ReadAction\",\"target\":[\"https:\\\/\\\/eden-the-garden.ch\\\/index.php\\\/vergangenes\\\/\"]}]},{\"@type\":\"BreadcrumbList\",\"@id\":\"https:\\\/\\\/eden-the-garden.ch\\\/index.php\\\/vergangenes\\\/#breadcrumb\",\"itemListElement\":[{\"@type\":\"ListItem\",\"position\":1,\"name\":\"Startseite\",\"item\":\"https:\\\/\\\/eden-the-garden.ch\\\/\"},{\"@type\":\"ListItem\",\"position\":2,\"name\":\"vergangenes\"}]},{\"@type\":\"WebSite\",\"@id\":\"https:\\\/\\\/eden-the-garden.ch\\\/#website\",\"url\":\"https:\\\/\\\/eden-the-garden.ch\\\/\",\"name\":\"eden the garden\",\"description\":\"Die Heilpflanzen-Akademie im Therapiehaus Triemli\",\"publisher\":{\"@id\":\"https:\\\/\\\/eden-the-garden.ch\\\/#organization\"},\"potentialAction\":[{\"@type\":\"SearchAction\",\"target\":{\"@type\":\"EntryPoint\",\"urlTemplate\":\"https:\\\/\\\/eden-the-garden.ch\\\/?s={search_term_string}\"},\"query-input\":{\"@type\":\"PropertyValueSpecification\",\"valueRequired\":true,\"valueName\":\"search_term_string\"}}],\"inLanguage\":\"de\"},{\"@type\":\"Organization\",\"@id\":\"https:\\\/\\\/eden-the-garden.ch\\\/#organization\",\"name\":\"eden the garden\",\"url\":\"https:\\\/\\\/eden-the-garden.ch\\\/\",\"logo\":{\"@type\":\"ImageObject\",\"inLanguage\":\"de\",\"@id\":\"https:\\\/\\\/eden-the-garden.ch\\\/#\\\/schema\\\/logo\\\/image\\\/\",\"url\":\"https:\\\/\\\/eden-the-garden.ch\\\/wp-content\\\/uploads\\\/2024\\\/02\\\/cropped-logo_white-2.png\",\"contentUrl\":\"https:\\\/\\\/eden-the-garden.ch\\\/wp-content\\\/uploads\\\/2024\\\/02\\\/cropped-logo_white-2.png\",\"width\":243,\"height\":250,\"caption\":\"eden the garden\"},\"image\":{\"@id\":\"https:\\\/\\\/eden-the-garden.ch\\\/#\\\/schema\\\/logo\\\/image\\\/\"}}]}<\/script>\n<!-- \/ Yoast SEO plugin. -->","yoast_head_json":{"title":"vergangenes - eden the garden","robots":{"index":"index","follow":"follow","max-snippet":"max-snippet:-1","max-image-preview":"max-image-preview:large","max-video-preview":"max-video-preview:-1"},"canonical":"https:\/\/eden-the-garden.ch\/index.php\/vergangenes\/","og_locale":"de_DE","og_type":"article","og_title":"vergangenes - eden the garden","og_description":"2024Rauhnacht\u00a0Zeremonie, 21. 12.24, 17-20: Tradition, Bedeutung Rauhn\u00e4chte.Wirkung von R\u00e4ucherpflanzen, gemeinsames Ritual am Feuer.Kosten: 60.-\/P. inkl. Set R\u00e4uchermischungen, Trunk und ImbissR\u00e4ucherkurs\u00a07. 11.24, 18-21: R\u00e4uchern, Kultur &amp; Rituale, R\u00e4ucherpflanzen, Wirkungen, Herstellung R\u00e4ucherwerkHeilpflanzen im September: 18.9.24, 16-18 Uhr (f\u00fcr \u201eZ\u00fcrich lernt\u201c)Sch\u00fcsslerkurs: 4.9.24, 9-12 Uhr: Pr\u00fcfungsvorbereitung, Repetitorium Sch\u00fcsslersalze 2025Jahreskurs Phytotherapie Modul 1-8, 09:30-17:30 Uhr. Medizinische Grundlagen, trad. Heilpflanzen, Botanik, &hellip; \u201evergangenes\u201c weiterlesen","og_url":"https:\/\/eden-the-garden.ch\/index.php\/vergangenes\/","og_site_name":"eden the garden","article_modified_time":"2025-11-04T12:44:31+00:00","twitter_card":"summary_large_image","twitter_misc":{"Gesch\u00e4tzte Lesezeit":"1\u00a0Minute"},"schema":{"@context":"https:\/\/schema.org","@graph":[{"@type":"WebPage","@id":"https:\/\/eden-the-garden.ch\/index.php\/vergangenes\/","url":"https:\/\/eden-the-garden.ch\/index.php\/vergangenes\/","name":"vergangenes - eden the garden","isPartOf":{"@id":"https:\/\/eden-the-garden.ch\/#website"},"datePublished":"2025-01-02T16:41:06+00:00","dateModified":"2025-11-04T12:44:31+00:00","breadcrumb":{"@id":"https:\/\/eden-the-garden.ch\/index.php\/vergangenes\/#breadcrumb"},"inLanguage":"de","potentialAction":[{"@type":"ReadAction","target":["https:\/\/eden-the-garden.ch\/index.php\/vergangenes\/"]}]},{"@type":"BreadcrumbList","@id":"https:\/\/eden-the-garden.ch\/index.php\/vergangenes\/#breadcrumb","itemListElement":[{"@type":"ListItem","position":1,"name":"Startseite","item":"https:\/\/eden-the-garden.ch\/"},{"@type":"ListItem","position":2,"name":"vergangenes"}]},{"@type":"WebSite","@id":"https:\/\/eden-the-garden.ch\/#website","url":"https:\/\/eden-the-garden.ch\/","name":"eden the garden","description":"Die Heilpflanzen-Akademie im Therapiehaus Triemli","publisher":{"@id":"https:\/\/eden-the-garden.ch\/#organization"},"potentialAction":[{"@type":"SearchAction","target":{"@type":"EntryPoint","urlTemplate":"https:\/\/eden-the-garden.ch\/?s={search_term_string}"},"query-input":{"@type":"PropertyValueSpecification","valueRequired":true,"valueName":"search_term_string"}}],"inLanguage":"de"},{"@type":"Organization","@id":"https:\/\/eden-the-garden.ch\/#organization","name":"eden the garden","url":"https:\/\/eden-the-garden.ch\/","logo":{"@type":"ImageObject","inLanguage":"de","@id":"https:\/\/eden-the-garden.ch\/#\/schema\/logo\/image\/","url":"https:\/\/eden-the-garden.ch\/wp-content\/uploads\/2024\/02\/cropped-logo_white-2.png","contentUrl":"https:\/\/eden-the-garden.ch\/wp-content\/uploads\/2024\/02\/cropped-logo_white-2.png","width":243,"height":250,"caption":"eden the garden"},"image":{"@id":"https:\/\/eden-the-garden.ch\/#\/schema\/logo\/image\/"}}]}},"_links":{"self":[{"href":"https:\/\/eden-the-garden.ch\/index.php\/wp-json\/wp\/v2\/pages\/654","targetHints":{"allow":["GET"]}}],"collection":[{"href":"https:\/\/eden-the-garden.ch\/index.php\/wp-json\/wp\/v2\/pages"}],"about":[{"href":"https:\/\/eden-the-garden.ch\/index.php\/wp-json\/wp\/v2\/types\/page"}],"author":[{"embeddable":true,"href":"https:\/\/eden-the-garden.ch\/index.php\/wp-json\/wp\/v2\/users\/1"}],"replies":[{"embeddable":true,"href":"https:\/\/eden-the-garden.ch\/index.php\/wp-json\/wp\/v2\/comments?post=654"}],"version-history":[{"count":8,"href":"https:\/\/eden-the-garden.ch\/index.php\/wp-json\/wp\/v2\/pages\/654\/revisions"}],"predecessor-version":[{"id":1053,"href":"https:\/\/eden-the-garden.ch\/index.php\/wp-json\/wp\/v2\/pages\/654\/revisions\/1053"}],"wp:attachment":[{"href":"https:\/\/eden-the-garden.ch\/index.php\/wp-json\/wp\/v2\/media?parent=654"}],"curies":[{"name":"wp","href":"https:\/\/api.w.org\/{rel}","templated":true}]}}

<p class="wp-block-paragraph"><strong>2024</strong><br><strong>Rauhnacht</strong> <strong>Zeremonie</strong>, 21. 12.24, 17-20: Tradition, Bedeutung Rauhnächte.<br>Wirkung von Räucherpflanzen, gemeinsames Ritual am Feuer.<br>Kosten: 60.-/P. inkl. Set Räuchermischungen, Trunk und Imbiss<br><strong>Räucherkurs </strong>7. 11.24, 18-21: Räuchern, Kultur &amp; Rituale, Räucherpflanzen, Wirkungen, Herstellung Räucherwerk<br><strong>Heilpflanzen im September</strong>: 18.9.24, 16-18 Uhr (für „Zürich lernt“)<br><strong>Schüsslerkurs</strong>: 4.9.24, 9-12 Uhr: Prüfungsvorbereitung, Repetitorium Schüsslersalze<br><br><strong>2025</strong><br><strong>Jahreskurs Phytotherapie Modul 1-8</strong>, 09:30-17:30 Uhr. Medizinische Grundlagen, trad. Heilpflanzen, Botanik, Pflanzenexkursion, Zubereitungen , Anwendungen, Praxisblock: Sammeln und Herstellen von Präparaten aus einheimischen Heilpflanzen.<br>&#8211; M1: 01.03.25 &#8222;Einführung Phytotherapie&#8220;<br>&#8211; M2: 05.04.25 &#8222;Stoffwechsel&#8220;<br>&#8211; M3: 03.05.25 &#8222;Verdauung&#8220;<br>&#8211; M4: 07.06.25 &#8222;Herz-Kreislauf&#8220;<br>&#8211; M5: 05.07.25 &#8222;Fraueneilkunde, Krebs&#8220;<br>&#8211; M6: 06.09.25 &#8222;Immunsystem, Allergie&#8220;<br>&#8211; M7: 27.09.25 &#8222;Bewegungsapparat, Rheuma&#8220;<br>&#8211; M8: 01.11.25 &#8222;Nervensystem, Schlaf, Stress, Depression&#8220;<br><strong>Züri lernt</strong>, 15.09.25 &#8222;Heilkräuter und essbare Wildpflanzen&#8220;<br><strong>Naturreich</strong>, 06.05.25 &#8222;Heilkräuter und essbare Wildpflanzen&#8220;</p>

<p>2024Rauhnacht Zeremonie, 21. 12.24, 17-20: Tradition, Bedeutung Rauhnächte.Wirkung von Räucherpflanzen, gemeinsames Ritual am Feuer.Kosten: 60.-/P. inkl. Set Räuchermischungen, Trunk und ImbissRäucherkurs 7. 11.24, 18-21: Räuchern, Kultur &amp; Rituale, Räucherpflanzen, Wirkungen, Herstellung RäucherwerkHeilpflanzen im September: 18.9.24, 16-18 Uhr (für „Zürich lernt“)Schüsslerkurs: 4.9.24, 9-12 Uhr: Prüfungsvorbereitung, Repetitorium Schüsslersalze 2025Jahreskurs Phytotherapie Modul 1-8, 09:30-17:30 Uhr. Medizinische Grundlagen, trad. Heilpflanzen, Botanik, &hellip; </p>
<p class="link-more"><a href="https://eden-the-garden.ch/index.php/vergangenes/" class="more-link"><span class="screen-reader-text">„vergangenes“ </span>weiterlesen</a></p>

<!-- This site is optimized with the Yoast SEO plugin v27.6 - https://yoast.com/product/yoast-seo-wordpress/ -->
<title>vergangenes - eden the garden</title>
<meta name="robots" content="index, follow, max-snippet:-1, max-image-preview:large, max-video-preview:-1" />
<link rel="canonical" href="https://eden-the-garden.ch/index.php/vergangenes/" />
<meta property="og:locale" content="de_DE" />
<meta property="og:type" content="article" />
<meta property="og:title" content="vergangenes - eden the garden" />
<meta property="og:description" content="2024Rauhnacht Zeremonie, 21. 12.24, 17-20: Tradition, Bedeutung Rauhnächte.Wirkung von Räucherpflanzen, gemeinsames Ritual am Feuer.Kosten: 60.-/P. inkl. Set Räuchermischungen, Trunk und ImbissRäucherkurs 7. 11.24, 18-21: Räuchern, Kultur &amp; Rituale, Räucherpflanzen, Wirkungen, Herstellung RäucherwerkHeilpflanzen im September: 18.9.24, 16-18 Uhr (für „Zürich lernt“)Schüsslerkurs: 4.9.24, 9-12 Uhr: Prüfungsvorbereitung, Repetitorium Schüsslersalze 2025Jahreskurs Phytotherapie Modul 1-8, 09:30-17:30 Uhr. Medizinische Grundlagen, trad. Heilpflanzen, Botanik, &hellip; „vergangenes“ weiterlesen" />
<meta property="og:url" content="https://eden-the-garden.ch/index.php/vergangenes/" />
<meta property="og:site_name" content="eden the garden" />
<meta property="article:modified_time" content="2025-11-04T12:44:31+00:00" />
<meta name="twitter:card" content="summary_large_image" />
<meta name="twitter:label1" content="Geschätzte Lesezeit" />
	<meta name="twitter:data1" content="1 Minute" />
<script type="application/ld+json" class="yoast-schema-graph">{"@context":"https:\/\/schema.org","@graph":[{"@type":"WebPage","@id":"https:\/\/eden-the-garden.ch\/index.php\/vergangenes\/","url":"https:\/\/eden-the-garden.ch\/index.php\/vergangenes\/","name":"vergangenes - eden the garden","isPartOf":{"@id":"https:\/\/eden-the-garden.ch\/#website"},"datePublished":"2025-01-02T16:41:06+00:00","dateModified":"2025-11-04T12:44:31+00:00","breadcrumb":{"@id":"https:\/\/eden-the-garden.ch\/index.php\/vergangenes\/#breadcrumb"},"inLanguage":"de","potentialAction":[{"@type":"ReadAction","target":["https:\/\/eden-the-garden.ch\/index.php\/vergangenes\/"]}]},{"@type":"BreadcrumbList","@id":"https:\/\/eden-the-garden.ch\/index.php\/vergangenes\/#breadcrumb","itemListElement":[{"@type":"ListItem","position":1,"name":"Startseite","item":"https:\/\/eden-the-garden.ch\/"},{"@type":"ListItem","position":2,"name":"vergangenes"}]},{"@type":"WebSite","@id":"https:\/\/eden-the-garden.ch\/#website","url":"https:\/\/eden-the-garden.ch\/","name":"eden the garden","description":"Die Heilpflanzen-Akademie im Therapiehaus Triemli","publisher":{"@id":"https:\/\/eden-the-garden.ch\/#organization"},"potentialAction":[{"@type":"SearchAction","target":{"@type":"EntryPoint","urlTemplate":"https:\/\/eden-the-garden.ch\/?s={search_term_string}"},"query-input":{"@type":"PropertyValueSpecification","valueRequired":true,"valueName":"search_term_string"}}],"inLanguage":"de"},{"@type":"Organization","@id":"https:\/\/eden-the-garden.ch\/#organization","name":"eden the garden","url":"https:\/\/eden-the-garden.ch\/","logo":{"@type":"ImageObject","inLanguage":"de","@id":"https:\/\/eden-the-garden.ch\/#\/schema\/logo\/image\/","url":"https:\/\/eden-the-garden.ch\/wp-content\/uploads\/2024\/02\/cropped-logo_white-2.png","contentUrl":"https:\/\/eden-the-garden.ch\/wp-content\/uploads\/2024\/02\/cropped-logo_white-2.png","width":243,"height":250,"caption":"eden the garden"},"image":{"@id":"https:\/\/eden-the-garden.ch\/#\/schema\/logo\/image\/"}}]}</script>
<!-- / Yoast SEO plugin. -->

2024Rauhnacht Zeremonie, 21. 12.24, 17-20: Tradition, Bedeutung Rauhnächte.Wirkung von Räucherpflanzen, gemeinsames Ritual am Feuer.Kosten: 60.-/P. inkl. Set Räuchermischungen, Trunk und ImbissRäucherkurs 7. 11.24, 18-21: Räuchern, Kultur &amp; Rituale, Räucherpflanzen, Wirkungen, Herstellung RäucherwerkHeilpflanzen im September: 18.9.24, 16-18 Uhr (für „Zürich lernt“)Schüsslerkurs: 4.9.24, 9-12 Uhr: Prüfungsvorbereitung, Repetitorium Schüsslersalze 2025Jahreskurs Phytotherapie Modul 1-8, 09:30-17:30 Uhr. Medizinische Grundlagen, trad. Heilpflanzen, Botanik, &hellip; „vergangenes“ weiterlesen
