{"id":647,"date":"2025-01-02T16:35:04","date_gmt":"2025-01-02T16:35:04","guid":{"rendered":"https:\/\/eden-the-garden.ch\/?page_id=647"},"modified":"2025-07-31T19:31:04","modified_gmt":"2025-07-31T19:31:04","slug":"team-events","status":"publish","type":"page","link":"https:\/\/eden-the-garden.ch\/index.php\/team-events\/","title":{"rendered":"team events"},"content":{"rendered":"\n<p class=\"wp-block-paragraph\">Buchen Sie einen einzigartigen\u00a0<strong>team event<\/strong>\u00a0f\u00fcr bis zu 18 Personen. Halbtages- oder Tages-Programm inkl. Verpflegung \/ Buffet. Wildpflanzen-Spazierg\u00e4nge, Wildkr\u00e4uter-Kochkurs, Produkte-Herstellung, Klangschalen-Meditation, Gesangs-Workshop, Themen-Vortr\u00e4ge, Rosentruffes-Kurs \u2013 was immer Sie w\u00fcnschen; alles unter einem Dach!!<br><br>Nehmen Sie <a href=\"https:\/\/eden-the-garden.ch\/index.php\/kontakt-2\/\">Kontakt <\/a>mit uns auf!<\/p>\n\n\n\n<p class=\"wp-block-paragraph\"><\/p>\n","protected":false},"excerpt":{"rendered":"<p>Buchen Sie einen einzigartigen\u00a0team event\u00a0f\u00fcr bis zu 18 Personen. Halbtages- oder Tages-Programm inkl. Verpflegung \/ Buffet. Wildpflanzen-Spazierg\u00e4nge, Wildkr\u00e4uter-Kochkurs, Produkte-Herstellung, Klangschalen-Meditation, Gesangs-Workshop, Themen-Vortr\u00e4ge, Rosentruffes-Kurs \u2013 was immer Sie w\u00fcnschen; alles unter einem Dach!! Nehmen Sie Kontakt mit uns auf!<\/p>\n","protected":false},"author":1,"featured_media":0,"parent":0,"menu_order":0,"comment_status":"closed","ping_status":"closed","template":"","meta":{"footnotes":""},"class_list":["post-647","page","type-page","status-publish","hentry"],"yoast_head":"<!-- This site is optimized with the Yoast SEO plugin v27.6 - https:\/\/yoast.com\/product\/yoast-seo-wordpress\/ -->\n<title>team events - eden the garden<\/title>\n<meta name=\"robots\" content=\"index, follow, max-snippet:-1, max-image-preview:large, max-video-preview:-1\" \/>\n<link rel=\"canonical\" href=\"https:\/\/eden-the-garden.ch\/index.php\/team-events\/\" \/>\n<meta property=\"og:locale\" content=\"de_DE\" \/>\n<meta property=\"og:type\" content=\"article\" \/>\n<meta property=\"og:title\" content=\"team events - eden the garden\" \/>\n<meta property=\"og:description\" content=\"Buchen Sie einen einzigartigen\u00a0team event\u00a0f\u00fcr bis zu 18 Personen. Halbtages- oder Tages-Programm inkl. Verpflegung \/ Buffet. Wildpflanzen-Spazierg\u00e4nge, Wildkr\u00e4uter-Kochkurs, Produkte-Herstellung, Klangschalen-Meditation, Gesangs-Workshop, Themen-Vortr\u00e4ge, Rosentruffes-Kurs \u2013 was immer Sie w\u00fcnschen; alles unter einem Dach!! Nehmen Sie Kontakt mit uns auf!\" \/>\n<meta property=\"og:url\" content=\"https:\/\/eden-the-garden.ch\/index.php\/team-events\/\" \/>\n<meta property=\"og:site_name\" content=\"eden the garden\" \/>\n<meta property=\"article:modified_time\" content=\"2025-07-31T19:31:04+00:00\" \/>\n<meta name=\"twitter:card\" content=\"summary_large_image\" \/>\n<meta name=\"twitter:label1\" content=\"Gesch\u00e4tzte Lesezeit\" \/>\n\t<meta name=\"twitter:data1\" content=\"1\u00a0Minute\" \/>\n<script type=\"application\/ld+json\" class=\"yoast-schema-graph\">{\"@context\":\"https:\\\/\\\/schema.org\",\"@graph\":[{\"@type\":\"WebPage\",\"@id\":\"https:\\\/\\\/eden-the-garden.ch\\\/index.php\\\/team-events\\\/\",\"url\":\"https:\\\/\\\/eden-the-garden.ch\\\/index.php\\\/team-events\\\/\",\"name\":\"team events - eden the garden\",\"isPartOf\":{\"@id\":\"https:\\\/\\\/eden-the-garden.ch\\\/#website\"},\"datePublished\":\"2025-01-02T16:35:04+00:00\",\"dateModified\":\"2025-07-31T19:31:04+00:00\",\"breadcrumb\":{\"@id\":\"https:\\\/\\\/eden-the-garden.ch\\\/index.php\\\/team-events\\\/#breadcrumb\"},\"inLanguage\":\"de\",\"potentialAction\":[{\"@type\":\"ReadAction\",\"target\":[\"https:\\\/\\\/eden-the-garden.ch\\\/index.php\\\/team-events\\\/\"]}]},{\"@type\":\"BreadcrumbList\",\"@id\":\"https:\\\/\\\/eden-the-garden.ch\\\/index.php\\\/team-events\\\/#breadcrumb\",\"itemListElement\":[{\"@type\":\"ListItem\",\"position\":1,\"name\":\"Startseite\",\"item\":\"https:\\\/\\\/eden-the-garden.ch\\\/\"},{\"@type\":\"ListItem\",\"position\":2,\"name\":\"team events\"}]},{\"@type\":\"WebSite\",\"@id\":\"https:\\\/\\\/eden-the-garden.ch\\\/#website\",\"url\":\"https:\\\/\\\/eden-the-garden.ch\\\/\",\"name\":\"eden the garden\",\"description\":\"Die Heilpflanzen-Akademie im Therapiehaus Triemli\",\"publisher\":{\"@id\":\"https:\\\/\\\/eden-the-garden.ch\\\/#organization\"},\"potentialAction\":[{\"@type\":\"SearchAction\",\"target\":{\"@type\":\"EntryPoint\",\"urlTemplate\":\"https:\\\/\\\/eden-the-garden.ch\\\/?s={search_term_string}\"},\"query-input\":{\"@type\":\"PropertyValueSpecification\",\"valueRequired\":true,\"valueName\":\"search_term_string\"}}],\"inLanguage\":\"de\"},{\"@type\":\"Organization\",\"@id\":\"https:\\\/\\\/eden-the-garden.ch\\\/#organization\",\"name\":\"eden the garden\",\"url\":\"https:\\\/\\\/eden-the-garden.ch\\\/\",\"logo\":{\"@type\":\"ImageObject\",\"inLanguage\":\"de\",\"@id\":\"https:\\\/\\\/eden-the-garden.ch\\\/#\\\/schema\\\/logo\\\/image\\\/\",\"url\":\"https:\\\/\\\/eden-the-garden.ch\\\/wp-content\\\/uploads\\\/2024\\\/02\\\/cropped-logo_white-2.png\",\"contentUrl\":\"https:\\\/\\\/eden-the-garden.ch\\\/wp-content\\\/uploads\\\/2024\\\/02\\\/cropped-logo_white-2.png\",\"width\":243,\"height\":250,\"caption\":\"eden the garden\"},\"image\":{\"@id\":\"https:\\\/\\\/eden-the-garden.ch\\\/#\\\/schema\\\/logo\\\/image\\\/\"}}]}<\/script>\n<!-- \/ Yoast SEO plugin. -->","yoast_head_json":{"title":"team events - eden the garden","robots":{"index":"index","follow":"follow","max-snippet":"max-snippet:-1","max-image-preview":"max-image-preview:large","max-video-preview":"max-video-preview:-1"},"canonical":"https:\/\/eden-the-garden.ch\/index.php\/team-events\/","og_locale":"de_DE","og_type":"article","og_title":"team events - eden the garden","og_description":"Buchen Sie einen einzigartigen\u00a0team event\u00a0f\u00fcr bis zu 18 Personen. Halbtages- oder Tages-Programm inkl. Verpflegung \/ Buffet. Wildpflanzen-Spazierg\u00e4nge, Wildkr\u00e4uter-Kochkurs, Produkte-Herstellung, Klangschalen-Meditation, Gesangs-Workshop, Themen-Vortr\u00e4ge, Rosentruffes-Kurs \u2013 was immer Sie w\u00fcnschen; alles unter einem Dach!! Nehmen Sie Kontakt mit uns auf!","og_url":"https:\/\/eden-the-garden.ch\/index.php\/team-events\/","og_site_name":"eden the garden","article_modified_time":"2025-07-31T19:31:04+00:00","twitter_card":"summary_large_image","twitter_misc":{"Gesch\u00e4tzte Lesezeit":"1\u00a0Minute"},"schema":{"@context":"https:\/\/schema.org","@graph":[{"@type":"WebPage","@id":"https:\/\/eden-the-garden.ch\/index.php\/team-events\/","url":"https:\/\/eden-the-garden.ch\/index.php\/team-events\/","name":"team events - eden the garden","isPartOf":{"@id":"https:\/\/eden-the-garden.ch\/#website"},"datePublished":"2025-01-02T16:35:04+00:00","dateModified":"2025-07-31T19:31:04+00:00","breadcrumb":{"@id":"https:\/\/eden-the-garden.ch\/index.php\/team-events\/#breadcrumb"},"inLanguage":"de","potentialAction":[{"@type":"ReadAction","target":["https:\/\/eden-the-garden.ch\/index.php\/team-events\/"]}]},{"@type":"BreadcrumbList","@id":"https:\/\/eden-the-garden.ch\/index.php\/team-events\/#breadcrumb","itemListElement":[{"@type":"ListItem","position":1,"name":"Startseite","item":"https:\/\/eden-the-garden.ch\/"},{"@type":"ListItem","position":2,"name":"team events"}]},{"@type":"WebSite","@id":"https:\/\/eden-the-garden.ch\/#website","url":"https:\/\/eden-the-garden.ch\/","name":"eden the garden","description":"Die Heilpflanzen-Akademie im Therapiehaus Triemli","publisher":{"@id":"https:\/\/eden-the-garden.ch\/#organization"},"potentialAction":[{"@type":"SearchAction","target":{"@type":"EntryPoint","urlTemplate":"https:\/\/eden-the-garden.ch\/?s={search_term_string}"},"query-input":{"@type":"PropertyValueSpecification","valueRequired":true,"valueName":"search_term_string"}}],"inLanguage":"de"},{"@type":"Organization","@id":"https:\/\/eden-the-garden.ch\/#organization","name":"eden the garden","url":"https:\/\/eden-the-garden.ch\/","logo":{"@type":"ImageObject","inLanguage":"de","@id":"https:\/\/eden-the-garden.ch\/#\/schema\/logo\/image\/","url":"https:\/\/eden-the-garden.ch\/wp-content\/uploads\/2024\/02\/cropped-logo_white-2.png","contentUrl":"https:\/\/eden-the-garden.ch\/wp-content\/uploads\/2024\/02\/cropped-logo_white-2.png","width":243,"height":250,"caption":"eden the garden"},"image":{"@id":"https:\/\/eden-the-garden.ch\/#\/schema\/logo\/image\/"}}]}},"_links":{"self":[{"href":"https:\/\/eden-the-garden.ch\/index.php\/wp-json\/wp\/v2\/pages\/647","targetHints":{"allow":["GET"]}}],"collection":[{"href":"https:\/\/eden-the-garden.ch\/index.php\/wp-json\/wp\/v2\/pages"}],"about":[{"href":"https:\/\/eden-the-garden.ch\/index.php\/wp-json\/wp\/v2\/types\/page"}],"author":[{"embeddable":true,"href":"https:\/\/eden-the-garden.ch\/index.php\/wp-json\/wp\/v2\/users\/1"}],"replies":[{"embeddable":true,"href":"https:\/\/eden-the-garden.ch\/index.php\/wp-json\/wp\/v2\/comments?post=647"}],"version-history":[{"count":4,"href":"https:\/\/eden-the-garden.ch\/index.php\/wp-json\/wp\/v2\/pages\/647\/revisions"}],"predecessor-version":[{"id":982,"href":"https:\/\/eden-the-garden.ch\/index.php\/wp-json\/wp\/v2\/pages\/647\/revisions\/982"}],"wp:attachment":[{"href":"https:\/\/eden-the-garden.ch\/index.php\/wp-json\/wp\/v2\/media?parent=647"}],"curies":[{"name":"wp","href":"https:\/\/api.w.org\/{rel}","templated":true}]}}

<p class="wp-block-paragraph">Buchen Sie einen einzigartigen <strong>team event</strong> für bis zu 18 Personen. Halbtages- oder Tages-Programm inkl. Verpflegung / Buffet. Wildpflanzen-Spaziergänge, Wildkräuter-Kochkurs, Produkte-Herstellung, Klangschalen-Meditation, Gesangs-Workshop, Themen-Vorträge, Rosentruffes-Kurs – was immer Sie wünschen; alles unter einem Dach!!<br><br>Nehmen Sie <a href="https://eden-the-garden.ch/index.php/kontakt-2/">Kontakt </a>mit uns auf!</p>



<p class="wp-block-paragraph"></p>

<p>Buchen Sie einen einzigartigen team event für bis zu 18 Personen. Halbtages- oder Tages-Programm inkl. Verpflegung / Buffet. Wildpflanzen-Spaziergänge, Wildkräuter-Kochkurs, Produkte-Herstellung, Klangschalen-Meditation, Gesangs-Workshop, Themen-Vorträge, Rosentruffes-Kurs – was immer Sie wünschen; alles unter einem Dach!! Nehmen Sie Kontakt mit uns auf!</p>

<!-- This site is optimized with the Yoast SEO plugin v27.6 - https://yoast.com/product/yoast-seo-wordpress/ -->
<title>team events - eden the garden</title>
<meta name="robots" content="index, follow, max-snippet:-1, max-image-preview:large, max-video-preview:-1" />
<link rel="canonical" href="https://eden-the-garden.ch/index.php/team-events/" />
<meta property="og:locale" content="de_DE" />
<meta property="og:type" content="article" />
<meta property="og:title" content="team events - eden the garden" />
<meta property="og:description" content="Buchen Sie einen einzigartigen team event für bis zu 18 Personen. Halbtages- oder Tages-Programm inkl. Verpflegung / Buffet. Wildpflanzen-Spaziergänge, Wildkräuter-Kochkurs, Produkte-Herstellung, Klangschalen-Meditation, Gesangs-Workshop, Themen-Vorträge, Rosentruffes-Kurs – was immer Sie wünschen; alles unter einem Dach!! Nehmen Sie Kontakt mit uns auf!" />
<meta property="og:url" content="https://eden-the-garden.ch/index.php/team-events/" />
<meta property="og:site_name" content="eden the garden" />
<meta property="article:modified_time" content="2025-07-31T19:31:04+00:00" />
<meta name="twitter:card" content="summary_large_image" />
<meta name="twitter:label1" content="Geschätzte Lesezeit" />
	<meta name="twitter:data1" content="1 Minute" />
<script type="application/ld+json" class="yoast-schema-graph">{"@context":"https:\/\/schema.org","@graph":[{"@type":"WebPage","@id":"https:\/\/eden-the-garden.ch\/index.php\/team-events\/","url":"https:\/\/eden-the-garden.ch\/index.php\/team-events\/","name":"team events - eden the garden","isPartOf":{"@id":"https:\/\/eden-the-garden.ch\/#website"},"datePublished":"2025-01-02T16:35:04+00:00","dateModified":"2025-07-31T19:31:04+00:00","breadcrumb":{"@id":"https:\/\/eden-the-garden.ch\/index.php\/team-events\/#breadcrumb"},"inLanguage":"de","potentialAction":[{"@type":"ReadAction","target":["https:\/\/eden-the-garden.ch\/index.php\/team-events\/"]}]},{"@type":"BreadcrumbList","@id":"https:\/\/eden-the-garden.ch\/index.php\/team-events\/#breadcrumb","itemListElement":[{"@type":"ListItem","position":1,"name":"Startseite","item":"https:\/\/eden-the-garden.ch\/"},{"@type":"ListItem","position":2,"name":"team events"}]},{"@type":"WebSite","@id":"https:\/\/eden-the-garden.ch\/#website","url":"https:\/\/eden-the-garden.ch\/","name":"eden the garden","description":"Die Heilpflanzen-Akademie im Therapiehaus Triemli","publisher":{"@id":"https:\/\/eden-the-garden.ch\/#organization"},"potentialAction":[{"@type":"SearchAction","target":{"@type":"EntryPoint","urlTemplate":"https:\/\/eden-the-garden.ch\/?s={search_term_string}"},"query-input":{"@type":"PropertyValueSpecification","valueRequired":true,"valueName":"search_term_string"}}],"inLanguage":"de"},{"@type":"Organization","@id":"https:\/\/eden-the-garden.ch\/#organization","name":"eden the garden","url":"https:\/\/eden-the-garden.ch\/","logo":{"@type":"ImageObject","inLanguage":"de","@id":"https:\/\/eden-the-garden.ch\/#\/schema\/logo\/image\/","url":"https:\/\/eden-the-garden.ch\/wp-content\/uploads\/2024\/02\/cropped-logo_white-2.png","contentUrl":"https:\/\/eden-the-garden.ch\/wp-content\/uploads\/2024\/02\/cropped-logo_white-2.png","width":243,"height":250,"caption":"eden the garden"},"image":{"@id":"https:\/\/eden-the-garden.ch\/#\/schema\/logo\/image\/"}}]}</script>
<!-- / Yoast SEO plugin. -->

Buchen Sie einen einzigartigen team event für bis zu 18 Personen. Halbtages- oder Tages-Programm inkl. Verpflegung / Buffet. Wildpflanzen-Spaziergänge, Wildkräuter-Kochkurs, Produkte-Herstellung, Klangschalen-Meditation, Gesangs-Workshop, Themen-Vorträge, Rosentruffes-Kurs – was immer Sie wünschen; alles unter einem Dach!! Nehmen Sie Kontakt mit uns auf!
